3 - 23312110?
-20031311
In base 3, what is 201110200 - 1111202?
122221221
In base 4, what is 301 - -1013131231?
1013132132
In base 13, what is -7787 + -c48?
-8702
In base 10, what is -414342506 - 2?
-414342508
In base 8, what is -11 + -3671275?
-3671306
In base 14, what is 35b0c978 + 5?
35b0c97d
In base 10, what is 337585138 - 0?
337585138
In base 10, what is 11 + -139587?
-139576
In base 3, what is -11220000 + 22210102212?
22121112212
In base 13, what is -98117 - 366?
-98480
In base 2, what is 11001 + 10101101001101001101?
10101101001101100110
In base 8, what is -26165545 + -6?
-26165553
In base 10, what is -173 + 9954?
9781
In base 3, what is -1010120012 + -120120?
-1011010202
In base 14, what is -55 + -1c5d0?
-1c645
In base 14, what is -17a0 + 41c?
-1382
In base 11, what is 189577 - 6?
189571
In base 2, what is 10101111011010000000001111 + 101?
10101111011010000000010100
In base 4, what is 200 + -3222121030?
-3222120230
In base 11, what is 9488425 + 2?
9488427
In base 7, what is -2411 + -560516?
-563230
In base 11, what is 367a91a - 3?
367a917
In base 5, what is -122322323203 + -3?
-122322323211
In base 7, what is 213 + 231622?
232135
In base 10, what is -640067273 + -2?
-640067275
In base 9, what is -50036 - 12?
-50048
In base 8, what is -224514 - 6607?
-233323
In base 4, what is 2120210031 + 10031?
2120220122
In base 12, what is -1 - -2ab4344?
2ab4343
In base 15, what is 172 - -13a72?
13be4
In base 14, what is -5 - -13ba0d?
13ba08
In base 5, what is -3 - 1321322222?
-1321322230
In base 8, what is 1211733 - -42?
1211775
In base 3, what is 1 - 1222221212022?
-1222221212021
In base 9, what is 72030 - 108?
71821
In base 15, what is 19b3 - -6b5?
2178
In base 6, what is -113 + 550135424?
550135311
In base 2, what is 10010 + -11001000010000001100?
-11001000001111111010
In base 4, what is 1310213 + -101022?
1203131
In base 11, what is -1275 - -179a0?
16726
In base 13, what is -55 - 239a42?
-239a97
In base 11, what is -33804 + -367?
-34070
In base 13, what is -3 + 725941?
72593b
In base 15, what is -252e92 + 4?
-252e8d
In base 2, what is 10100011110010111100 - -1111110?
10100011110100111010
In base 4, what is -220101020 - -21133?
-220013221
In base 13, what is 127874 + -191?
1276b3
In base 9, what is 3408016 - -17?
3408034
In base 10, what is 24340 - -605?
24945
In base 10, what is -1443008 + -447?
-1443455
In base 14, what is 1 + -216327c?
-216327b
In base 2, what is -11110101 - 1111101001100100001?
-1111101010000010110
In base 9, what is 1638587 + 26?
1638624
In base 16, what is e9b54 + -6?
e9b4e
In base 7, what is 561 + 110266303?
110300164
In base 9, what is -103213723 - 17?
-103213741
In base 6, what is -2 - 201424344?
-201424350
In base 10, what is -162 + -3829309?
-3829471
In base 6, what is -4032151 + -20?
-4032211
In base 9, what is 105002 + -1286?
103605
In base 13, what is 3 - -1467b0?
1467b3
In base 14, what is -6 - a03299?
-a032a1
In base 15, what is -6118100 + -10?
-6118110
In base 10, what is 3 + -3046052?
-3046049
In base 6, what is 514345123 - 0?
514345123
In base 12, what is 10a + -5b485?
-5b377
In base 16, what is 1f0 + -113cb?
-111db
In base 2, what is -1101010110011001111 - -1010001?
-1101010110001111110
In base 10, what is 121903629 - 1?
121903628
In base 6, what is 11151 - 2003012?
-1551421
In base 14, what is 20 + -ab4b7d?
-ab4b5d
In base 9, what is -4700 - -43275?
37475
In base 6, what is -5 - -1002045?
1002040
In base 2, what is -1110001010 + 111101000111111?
111011010110101
In base 2, what is -1100010110011110 + 11000111?
-1100010011010111
In base 8, what is -615 - -45102?
44265
In base 8, what is 1433143457 + 5?
1433143464
In base 11, what is 19a35 + -489?
19557
In base 16, what is -332 - 6bd2e?
-6c060
In base 5, what is -10023102342 - 44?
-10023102441
In base 2, what is 11101100 + -1011001000110001100?
-1011001000010100000
In base 10, what is 14773890 + -2?
14773888
In base 13, what is -b955 - -acb?
-ab57
In base 14, what is -18278 + 30?
-18248
In base 15, what is -d15 + 27a?
-a8a
In base 14, what is -2 - -201501?
2014dd
In base 14, what is -2a1 + -56656?
-56917
In base 5, what is 431 + -14044042?
-14043111
In base 7, what is 534620 + -1055?
533532
In base 10, what is -6741810 + 1?
-6741809
In base 6, what is 420101 + -1435?
414222
In base 6, what is 412450 + 311?
413201
In base 7, what is 26023251525 - 0?
26023251525
In base 10, what is 0 - 747089?
-747089
In base 5, what is -1104423110 - 10?
-1104423120
In base 14, what is -55a8 - 9a?
-5664
In base 11, what is 1 + -12a90812?
-12a90811
In base 12, what is -466099a + 2a?
-4660970
In base 6, what is 30052030 + 1315?
30053345
In base 10, what is -110029 - 96?
-110125
In base 3, what is 1220121022021 - -112?
1220121022210
In base 16, what is e + 2d2f5c?
2d2f6a
In base 11, what is 990 - -1154?
2034
In base 15, what is -158846 + -49?
-158890
In base 3, what is 1011201 + 2222112011?
10000200212
In base 7, what is 102604223 + -314?
102603606
In base 4, what is 2 + -2100013311001?
-2100013310333
In base 3, what is -110 + 10110220000010?
10110212222200
In base 9, what is -201424276 - -16?
-201424260
In base 5, what is -210 + 2314303?
2314043
In base 13, what is -176c08 + -426?
-177331
In base 5, what is 31 - -112132144?
112132230
In base 10, what is 77 + -121856?
-121779
In base 12, what is 1562 - -1a81?
3423
In base 16, what is -4 + 9b7fa57?
9b7fa53
In base 2, what is 0 + -1001001101110100100011?
-1001001101110100100011
In base 5, what is -311 + 22112244?
22111433
In base 5, what is -133421042004 + -3?
-133421042012
In base 14, what is 138bcbd9 + 2?
138bcbdb
In base 4, what is 1012031233223 - 31?
1012031233132
In base 16, what is -7 - be1fa8?
-be1faf
In base 5, what is -201202030214 - 3?
-201202030222
In base 12, what is -8 + b48745?
b48739
In base 7, what is 2355322 - -4?
2355326
In base 4, what is 211310220 + -31332?
211212222
In base 8, what is -6 - 345534025?
-345534033
In base 10, what is -14 - 1404231?
-1404245
In base 3, what is 11111 + -11222110010?
-11222021122
In base 6, what is -41501515 - -10?
-41501505
In base 15, what is -250e4d - 3?
-250e51
In base 13, what is -3 - -824c846?
824c843
In base 11, what is 12871508 + -3?
12871505
In base 13, what is 1ba55cc + 23?
1ba5622
In base 6, what is -1442250 - 513?
-1443203
In base 10, what is -8549 + -19532?
-28081
In base 16, what is 2 + 3e2196d?
3e2196f
In base 8, what is 4641 - -63556?
70417
In base 13, what is -1904 - ba82?
-10686
In base 9, what is 27454043 - -6?
27454050
In base 15, what is -ee6e54 - 26?
-ee6e7a
In base 5, what is 22 + -334031023?
-334031001
In base 4, what is -2221232 - -33123332?
30302100
In base 11, what is 1564483 - 9?
1564475
In base 15, what is -795 - -a8567?
a7cc2
In base 15, what is a5a64 - 16?
a5a4d
In base 14, what is 1 - -1d5b2b?
1d5b2c
In base 8, what is 226 - 1740?
-1512
In base 13, what is -12b473bc + -4?
-12b473c3
In base 8, what is 3 + -241474440?
-241474435
In base 6, what is 2320 + -3552041?
-3545321
In base 8, what is 2033055 + 52?
2033127
In base 16, what is 35 - 295dfa?
-295dc5
In base 6, what is 22301032 - 2103?
22254525
In base 14, what is 2 - 3cc27?
-3cc25
In base 5, what is 2104404 + 34?
2104443
In base 4, what is -3203 - -212030213?
212021010
In base 15, what is 4 - -19d237?
19d23b
In base 13, what is 0 - 4943783?
-4943783
In base 6, what is 144435 + 4033?
152512
In base 6, what is 2151243305 + -3?
2151243302
In base 2, what is -10000010001110 - -10100000?
-1111111101110
In base 16, what is -2b - -4640a?
463df
In base 12, what is 1604 - 13b0?
214
In base 10, what is -747343 + 7?
-747336
In base 8, what is -5 - -65715046?
65715041
In base 8, what is -431 - -126556?
126125
In base 10, what is -40 - 116426?
-116466
In base 2, what is 0 - -10001011101010010001010?
10001011101010010001010
In base 10, what is -2 - 2869657?
-2869659
In base 5, what is 423342 + 131001?
1104343
In base 2, what is 10010010010101010 + 111110?
10010010011101000
In base 4, what is -12210311 + -1033022?
-13303333
In base 14, what is -2b377 - -9?
-2b36c
In base 10, what is 12368 + -33092?
-20724
In base 5, what is 21 + 2310342401?
2310342422
In base 6, what is -12444513 + -154?
-12445111
In base 15, what is 6 - -3a5023?
3a5029
In base 11, what is -4 + -2722370?
-2722374
In base 8, what is 2577 - -16151?